, 17
Let o be (-9516)/72 - 2/(-12). Let c = o - -208. Suppose c = 4*v + 4*s, -12 = 3*s - 0*s. List the prime factors of v.
23
Let x(m) = 2*m - 13. Let n be x(9). Suppose 825 = n*d + 6*d. List the prime factors of d.
3, 5
Let w = 74 - -396. List the prime factors of w.
2, 5, 47
Let h = -7 + -7. Let o = -16 - h. Let d(b) = -b**2 - 5*b - 1. List the prime factors of d(o).
5
Suppose 4*h + 4 = 5*x - 2594, 0 = 3*x + 5*h - 1581. Suppose 0 = 2*f - 6, f = 4*l - x + 113. List the prime factors of l.
103
Suppose -2*q + 5*r - 6 = q, q + 12 = 5*r. Let w(d) = 22*d + 7. List the prime factors of w(q).
73
Let j(n) = 74*n + 29. Let s be j(-11). Let y = -516 - s. What are the prime factors of y?
269
List the prime factors of 2 - -51*(6 - -10).
2, 409
Suppose 0 = -43*v + 21*v + 45298. What are the prime factors of v?
29, 71
Let y = 1918 + 213. What are the prime factors of y?
2131
Let g = 16 + -23. Let w(p) = 5*p + 37*p**2 + 3 + 2 - 43*p**2 - p**3. List the prime factors of w(g).
19
Let i(v) = -v**3 + 16*v**2 - 14*v - 10. Let m be i(15). Suppose -m*s + 332 = 4*b, -2*b - 5*s + 85 = -81. List the prime factors of b.
83
Suppose -38091 = -22*m - 3705. What are the prime factors of m?
3, 521
Let g = 1047 + 136. List the prime factors of g.
7, 13
Suppose 0 = 7*v - 2*v - 390. List the prime factors of (-10)/(-20)*(v - 0).
3, 13
Let b = 2 - 1. Let h be 7 + -4 - 0/b. Suppose -h*y - k + 4*k = -138, 4*y - k = 181. List the prime factors of y.
3, 5
Suppose 0*k + k = -3*n - 20, -3*n = -5*k - 10. Let l = n - -17. Suppose -3*d + l + 21 = 0. List the prime factors of d.
11
Let s(p) = 2*p**2 - 5*p + 3. Let n be s(5). Suppose 3*y + n = 5*y. What are the prime factors of y?
2, 7
Suppose -2*p + c = -4345, 2168 = 7*p - 6*p + 4*c. What are the prime factors of p?
2, 3, 181
Let k = -42 - -47. Suppose 3*s = -2*b + 275, -k*b = 4*s - 0*b - 362. What are the prime factors of s?
3, 31
What are the prime factors of ((-182)/5)/(222/(-110) - -2)?
2, 7, 11, 13
Let x(z) = 306*z**2 - 32*z. List the prime factors of x(-2).
2, 7, 23
Let p(d) = -d**3 + 4*d**2 - 4*d + 2. Let s be p(2). Suppose 0 = -4*q - 2*o + 234, -q - s*o + o = -60. What are the prime factors of q?
3, 19
Suppose 0 = 12*l - 7965 - 783. List the prime factors of l.
3
Let v(g) = 25*g**2 + 4*g + 11. What are the prime factors of v(-5)?
2, 7, 11
Let n(a) = 19*a - 4 + 19*a + 3. Let x be ((-16)/12)/(2/(-3)). List the prime factors of n(x).
3, 5
Let h = 113 - 37. Let d = h - 54. What are the prime factors of d?
2, 11
Let g(p) = 0 + 312*p**2 - 2 + 9*p - 311*p**2. List the prime factors of g(-14).
2, 17
What are the prime factors of (-9 - -11)*87*1?
2, 3, 29
Let i(p) = -p - 2. Let r be i(-5). Suppose u = 5*u - r*m - 116, 4*m = -5*u + 145. What are the prime factors of u?
29
Let s(c) = c**3 - 2*c**2 - c + 4. Let v be s(2). Suppose 404 = 4*p + 4*x, 3*p = -7*x + v*x + 299. Suppose -17 - p = -5*r. What are the prime factors of r?
2, 3
Suppose -17 = 5*j + 198. Let w = -59 + -5. Let p = j - w. What are the prime factors of p?
3, 7
Let j = 2482 + -217. List the prime factors of j.
3, 5, 151
What are the prime factors of (45200/(-300))/(1/(-3))?
2, 113
Let l(z) = z + 10*z - 1 + 2*z + 12. What are the prime factors of l(5)?
2, 19
Let w = 36 - 8. Let p = w + 37. List the prime factors of p.
5, 13
Suppose -14*m - 3*z - 4707 = -18*m, m = z + 1177. What are the prime factors of m?
2, 3, 7
Suppose 8*n - 1829 = -2*k + 9*n, 0 = 5*n + 25. Suppose -13*p + 10*p + k = 0. List the prime factors of p.
2, 19
Let j = 286 + -277. Let f(a) be the third derivative of -a**6/120 + a**5/6 - a**4/12 - 7*a**3/6 + a**2. List the prime factors of f(j).
2, 7
What are the prime factors of 171*(24/(-9) - -6)?
2, 3, 5, 19
Suppose j = 5*q - 791, 336 = 2*q + 4*j + 2. What are the prime factors of q?
3, 53
Suppose 4*n - 1 = -13. List the prime factors of 73 - (0/(-4) - n).
2, 5, 7
What are the prime factors of (17/1)/((-19)/(-152))?
2, 17
Let t = -32 + 62. Let a(b) = 31*b**2 - 2 - t*b**2 + 3*b + 8. What are the prime factors of a(5)?
2, 23
Suppose 4*j - 128 = -4*r, -5*j - 3*r + 156 = -0*r. Let i = 26 + j. List the prime factors of i.
2, 7
Let o = -3 + 1. Let q(j) = -7*j - 2. Let u(t) = -17*t - 4. Let v(i) = -7*q(i) + 4*u(i). What are the prime factors of v(o)?
2, 3
Let m = 621 + -304. Suppose -m = -6*a + 289. List the prime factors of a.
101
What are the prime factors of ((-15)/(-9))/(29/49851)?
3, 5, 191
Let n = -36 + 40. What are the prime factors of 133 + (2 - n) + -2?
3, 43
Let g be (6 - 650 - 1)/(6/(-4)). Suppose 179 = 2*q + 3*y, 0*q + 4*y = -5*q + g. List the prime factors of q.
2, 41
Let z be (-6)/4 + (-1)/2. Let i be (z + -7)/(3/(-9)). Suppose 2*b + 34 = 5*s - i, 4*s - 46 = 3*b. What are the prime factors of s?
13
Let m = 457 + 16. List the prime factors of m.
11, 43
Let o(n) = -137*n**3 + 3*n**2 + n. What are the prime factors of o(-1)?
139
Let l(r) = -2*r + 28. Let t be l(12). Suppose 2*y = -t*f + 52, 5*f + 5*y = y + 59. What are the prime factors of f*2/((-4)/(-6))?
3, 5
Let t = 312 - 34. List the prime factors of t.
2, 139
Let n(w) = 2*w**2 + w + 7. Suppose 4*z + 3*r = -22, 4*z - 2*r = -z - 39. What are the prime factors of n(z)?
2, 7
Let v(c) = 24*c**2 - 22*c - 383. What are the prime factors of v(-11)?
3, 307
Let h = 668 - 319. List the prime factors of h.
349
Let x(o) = o**2 + o - 1. Suppose 5 = -3*b - 4. Let f be x(b). Suppose -5*v - l = -47, v + f*l - 13 = 6. List the prime factors of v.
3
What are the prime factors of 603140/318*3/5?
2, 569
Suppose -4*i = i - 20. Suppose 224 = i*z + 80. Suppose u + z = 5*u. What are the prime factors of u?
3
Let f(d) = -5*d + 14*d - 562 + 574. What are the prime factors of f(10)?
2, 3, 17
Suppose 12 = 4*g - g. Let l = 255 - 169. Suppose -2*s = -3*q + l, -67 - 49 = -4*q + g*s. What are the prime factors of q?
2, 7
Let b(n) = n**2 - 4*n + 7. Let u be b(5). Suppose -18 = -4*t - t + j, 4*j = -t + u. Suppose x - 1 = -2*f + f, 4*f = -2*x - t. What are the prime factors of x?
2
Let l(h) = -h + 69. Let p be l(0). Suppose u - 2*u + p = 0. What are the prime factors of u?
3, 23
Let i be 3/6*(0 - -10). Suppose 3*m + 32 = -i*d, 2*m - 8 = -0*m + 4*d. List the prime factors of (-171)/m - (-12)/(-16).
2, 3, 7
Suppose p - 36 + 26 = 0. Let w be (12/p)/((-4)/(-70)). Suppose -g + 4 = -w. List the prime factors of g.
5
Suppose 5*j - f = 16, -6*j + 9 = -2*j + 3*f. Suppose t = j, 4 = v + 5*t - 11. Suppose -3*y + 4*l + 90 = 2*y, v = -y - 5*l + 47. List the prime factors of y.
2, 11
Suppose -5*f - x = -8*f + 4787, 5*f + 3*x - 7955 = 0. What are the prime factors of f?
2, 797
Let d = 2 - -3. Let v(q) = q**3 - 4*q**2 + 6*q - 6. Let h be v(d). Suppose n + 59 = 5*p, 0*p - n = 4*p - h. List the prime factors of p.
2, 3
Suppose -3*k + 4*g + 38 = 0, -4*k + 101 = 3*g + 17. What are the prime factors of k?
2, 3
Suppose 6426 = 146*x - 139*x. What are the prime factors of x?
2, 3, 17
Let l(v) be the third derivative of 0*v + 6*v**2 - 5/8*v**4 + 1/2*v**3 + 0. What are the prime factors of l(-2)?
3, 11
Let v(b) = 16*b**2 - 8*b - 9*b - 4*b**3 + 14*b + 2. Let q(p) = -5*p**3 + 15*p**2 - 3*p + 1. Let r(h) = -5*q(h) + 6*v(h). List the prime factors of r(-21).
2, 5, 7
Suppose p + 115 = 6*p. Let s = p + -34. Let b = 25 + s. List the prime factors of b.
2, 7
Let y be (-2 - -8) + (-2)/1. Let x(r) = -2*r - 2*r + 3*r + y + 1. List the prime factors of x(-8).
13
Let z(k) = 0 - k**2 - 3 + 5*k**2 + k. Let w = 373 + -376. List the prime factors of z(w).
2, 3, 5
Suppose 5*h = -3*n + 4252, -n + h = 169 - 1581. List the prime factors of n.
2, 7, 101
Suppose r - s - 10 + 3 = 0, -5*r - s = -5. Suppose -b = r*b - 72. Let o = -20 + b. What are the prime factors of o?
2
Let n(k) = 11*k + 3. Let w be n(-3). Let v = -17 - w. Suppose -5*r + v = -2. What are the prime factors of r?
3
Let k = -2013 - -4440. List the prime factors of k.
3, 809
Let l(d) = -d**3 + d**2 + d + 69. Let h be l(0). Let p = -25 + h. What are the prime factors of p?
2, 11
Let o(x) = -x**2 + 7*x - 7. Let v be o(4). Let s be (6/15)/(1/v). Suppose -50 = s*d - 4*d. What are the prime factors of d?
5
Suppose 0 = 300*t - 295*t - 2130. What are the prime factors of t?
2, 3, 71
Suppose 5*n - 5*u + 35 = 0, 4*n - 16 = 2*u - 40. List the prime factors of n + (-19)/(-4) + (-522)/(-8).
5, 13
Let a(o) = -7*o**3 - 6*o**2 - 28*o +